uppose 3*u - 5*k - 25 = 0, 3*u + t*k - 13 = 2*u. List the prime factors of u.
2, 5
Let o = -3 + 3. Suppose -5*s = -s - 56. Suppose -4*h + s - 6 = o. What are the prime factors of h?
2
List the prime factors of (-6)/20*9*4*-10.
2, 3
Let l be (-2 + 25*2)/(-1). Let p = l - -82. What are the prime factors of p?
2, 17
Let t(a) = a**2 - 4*a - 1. Let r be t(5). Suppose r*u - 36 = 2*u. List the prime factors of u.
2, 3
Suppose v - 3*m = 5*v - 61, 6 = 2*m. Let t = -6 + v. What are the prime factors of t?
7
Suppose -3*k + g = 11, k - 2*k - 2*g + 1 = 0. Let y = -1 - k. What are the prime factors of y?
2
Suppose -c + 5*c + 2*y - 60 = 0, -5*c + 75 = 4*y. Let m = 53 - c. List the prime factors of m.
2, 19
Let r be 6/5*10/4. Let t(s) = 2*s + 2. What are the prime factors of t(r)?
2
Suppose -76 - 114 = -5*s. List the prime factors of s.
2, 19
Suppose -5*v + 911 + 684 = 0. List the prime factors of v.
11, 29
Suppose -3*o + 2 = 11. What are the prime factors of ((-9)/o - 1) + 28?
2, 3, 5
Suppose -3*h + 4*j = -12, h - 1 = -j + 3. Suppose h*y = 62 + 14. List the prime factors of y.
19
Let d = -13 - -16. Suppose -a = d*a - 60. List the prime factors of a.
3, 5
Let i(b) be the first derivative of 5*b**3 + b**2/2 - 3. What are the prime factors of i(-1)?
2, 7
Let q(l) = -l**2 + 13*l - 9. Let v(u) = -u**2 + 13*u - 10. Let d(o) = -2*q(o) + 3*v(o). What are the prime factors of d(9)?
2, 3
Let t(q) = 0*q - 6*q - q - 1 - 3*q. List the prime factors of t(-1).
3
Let q(n) = -n**2 + 5*n - 6. Let r be q(5). Let y(j) = -6*j - 9. What are the prime factors of y(r)?
3
Suppose w - j = 38, -w + 2*j + 46 = 3*j. What are the prime factors of w?
2, 3, 7
Let p(y) = 2*y - 1. Let m(n) = n**2 - 3*n - 7. Let b be m(5). Suppose -o - 4*c + 3 = -3, -24 = -4*o - b*c. What are the prime factors of p(o)?
11
Let p(v) = v**2 + 1. Let i be p(3). Let x = i + -18. Let k = x + 19. List the prime factors of k.
11
Let k(o) = -14*o**3 + o**2 + 3*o + 10. What are the prime factors of k(-2)?
2, 3, 5
Let x be (-2 - 0)*33/(-6). Let n = -9 + x. Suppose 3*s - 2*r - n = -r, -4*r = -s - 14. List the prime factors of s.
2
Let y = 38 - 4. What are the prime factors of y?
2, 17
Let j(a) = a**3 - 6*a**2 + 7*a - 6. Let h be j(5). Suppose -l = -k + 4*k - 35, 137 = 5*l - h*k. What are the prime factors of l?
29
Suppose -2*g - 9 = -5*g. Suppose -60 = -g*h - 3. List the prime factors of h.
19
Suppose 5*j = 16 - 41. Let w be ((-2)/j)/((-2)/(-10)). List the prime factors of -2 + w + -2 - -17.
3, 5
Suppose 0 = f - 0*f + 6. Let j be 4/f + 110/(-15). Let z = j + 25. What are the prime factors of z?
17
Let n = 68 - 34. What are the prime factors of n?
2, 17
Let i = -6 + 18. Let o = -5 + i. Suppose -5 = -4*r + o. What are the prime factors of r?
3
Suppose -136 = -3*t - 5*d, t = -4*d + 75 - 18. List the prime factors of t.
37
List the prime factors of (-16)/(-6)*(-150)/(-8).
2, 5
Let x = 7 + -4. Suppose x*y - 7 = -3*t + 2, 2*t = 5*y - 8. Suppose 4*p + 8 = 4*v, 0*p = 3*p - y*v + 2. List the prime factors of p.
2
Let d(c) = c**2 + c + 7. Let t be d(0). Let n = -3 + t. List the prime factors of n + -2 + (-11)/(-1).
13
Suppose 0 = -2*g + 2*p + 12, 3 = 2*g - 3*g - 2*p. Suppose 0 = g*i - 3 + 6. Let o(q) = 12*q**2 + q + 1. What are the prime factors of o(i)?
2, 3
Let x be (-2 - (-15)/6)*0. Suppose 0 = -2*m - x*m + 12. What are the prime factors of m?
2, 3
Let w(a) = -24*a + 8. List the prime factors of w(-5).
2
Suppose -4*s - 2*k = -18, -s - 3*k - 3 = -0*s. Let f = s + 1. What are the prime factors of f?
7
Let r(g) = -4*g**2 + 2. Suppose -4*j + 1 = -3*j. Let n(t) = -t**3 - t**2 - t - 1. Let p(u) = j*r(u) + n(u). What are the prime factors of p(-5)?
2, 3
Let m = -10 + 4. Let i be (-84)/10*15/m. What are the prime factors of 46/14 + (-6)/i?
3
Let p(b) = b**3 + 6*b**2 + 7*b + 6. Let k be p(-4). Let w be (-24)/(-9)*3/2. Suppose 2*o = 2*q + w*o - k, 3*q - 3*o = 21. List the prime factors of q.
2, 3
Suppose 0 = -0*b + 2*b - 4. Let k be 3/12 + (-2)/8. Suppose 5*p + 3*m - 12 = b*p, k = -p + 3*m + 20. List the prime factors of p.
2
Let k(q) = q**2 - 8*q + 3. Let i be k(8). Let w be (-8)/(-3)*i/2. Suppose 0 = -y - 2, -w = -2*j - 4*y. What are the prime factors of j?
2, 3
Let u = 28 + -22. List the prime factors of u/(-9)*-75 + -2.
2, 3
Let p(m) = m - 2 - m - 7*m + 3. Let r be p(1). Let t = 1 - r. What are the prime factors of t?
7
Let q = -57 - -183. What are the prime factors of q?
2, 3, 7
Let m be (2 - -1)*(-77)/21. Let g = 2 - 1. Let p = g - m. List the prime factors of p.
2, 3
Let u(p) = -12*p + 1. Let d = -5 - -4. List the prime factors of u(d).
13
Suppose 4*u = 16 + 16. Suppose 0*l = 2*l - b - 13, 3*l + u = -4*b. Suppose -2*r = 2*r + l*h - 12, -5*h = 4*r - 13. List the prime factors of r.
2
Suppose -3*a - 13 - 38 = -5*k, -2*a = -k + 34. Let h = 29 + a. Suppose -h = -q - 0*q. List the prime factors of q.
2, 3
Let z(o) = o**2 - 8. What are the prime factors of z(-7)?
41
Let h = -17 + 6. Let q = -8 - h. Suppose q*v + 10 = 5*v. What are the prime factors of v?
5
Suppose -2*k - 12 = -x - 0*k, -3*x = -2*k - 52. What are the prime factors of x?
2, 5
Suppose 2*y = 3*y + 30. List the prime factors of 18/y - 96/(-10).
3
Let f(g) = -2*g**2 + 3*g + 3. Let p be f(4). Let s = -8 - 17. Let b = p - s. List the prime factors of b.
2
Let a = -5 - -25. Let c = -1 - a. Let x = -9 - c. What are the prime factors of x?
2, 3
Let g(d) = 0 + 2*d + 0. Let y be g(5). Suppose -f = -y - 1. List the prime factors of f.
11
Let m = -251 + 395. What are the prime factors of m?
2, 3
Let j = -2 - 8. Let w = 25 + j. What are the prime factors of w?
3, 5
Let o be (3/15 - 1)*5. Let l be -2*(o + 2 + 0). Suppose 3*h = -3*u - h + 33, -3*u + l*h = -9. What are the prime factors of u?
7
Let v(l) = -9*l - 3. Let u(o) = o. Let n(z) = 5*u(z) + v(z). Let g be n(-2). Suppose -82 = -g*q - 12. What are the prime factors of q?
2, 7
Suppose -5*d - 2*q - 486 = -10*d, 3*q = -2*d + 202. What are the prime factors of d?
2, 7
Let x be 8/6 + 4/(-12) - 2. Suppose -5*p + 13 = 3. What are the prime factors of x*(p - 2) + 5?
5
Suppose -5*k + 4*a + 140 = 0, 0*k - 2*a = 2*k - 56. Suppose -y + k = 8. What are the prime factors of y?
2, 5
Suppose 3*q - 4*q + 7 = 0. List the prime factors of q.
7
Let m(k) = k**2 + 6*k + 2. Let u be m(-5). List the prime factors of -1*(u - (4 - 1)).
2, 3
Let m(z) = z + 50. List the prime factors of m(-11).
3, 13
Let a = -11 - -11. Suppose a = -3*n + 51 + 45. List the prime factors of n.
2
Let d = 52 - 73. Let k = d - -51. Suppose 5*j - 68 = -4*c, -2*j - 2 = 2*c - k. List the prime factors of j.
2, 3
List the prime factors of 4 + 636/(-8)*16/(-6).
2, 3
Let r = -25 - 17. Let x be (-24)/9*(-3)/(-2). List the prime factors of (r/12)/(2/x).
7
Let y(o) = -o + 15. What are the prime factors of y(13)?
2
Let r be 3/(-1) + 0 + -1. Let b(y) = -y**3 - 2*y**2 + 4*y. What are the prime factors of b(r)?
2
Suppose -79*b + 77*b + 368 = 0. List the prime factors of b.
2, 23
Suppose 3*s = -s + 4*r - 88, 5*s + 124 = -2*r. Let w = -6 - s. List the prime factors of w.
2, 3
Let n = 163 - 92. What are the prime factors of n?
71
Let u(w) = 14*w - 9. What are the prime factors of u(4)?
47
Let r(g) = -g**3 + 4*g**2 - 3*g. Let a be r(3). Suppose 5*b + 57 + 18 = a. Let y = -3 - b. List the prime factors of y.
2, 3
List the prime factors of (-1 - -5) + (12 - -99).
5, 23
Suppose 2*h + 2*h - 4*n = -160, 4*n = -12. Let l(c) = -2*c**2 + 6*c - 15. Let a be l(4). Let b = a - h. List the prime factors of b.
2, 5
Let y = 6 + 2. Suppose -y*u + 6*u + 2*d + 44 = 0, d - 63 = -4*u. What are the prime factors of u?
17
Let x = -3 + -1. Let m(d) = -d**2 - 4*d - 4. Let b be m(x). Let t = b - -7. List the prime factors of t.
3
What are the prime factors of 2/(8/10)*12/15?
2
Suppose 4*c - 2*c = 36. Suppose v = 2*v + 4*m + 9, 5*v - c = m. List the prime factors of v.
3
Suppose 0 = -5*v + 621 + 264. List the prime factors of v.
3, 59
Suppose 2*u - 4*x - 14 = 0, -69 + 22 = -5*u + 4*x. What are the prime factors of u?
11
Suppose 5*s + 125 = 3*n, 0 = 2*s + 2*n - 34 + 84. What are the prime factors of 3/15*-2*s?
2, 5
Suppose -4*d - 2 = 6. Let g = -2 + 1. List the prime factors of 6/4*d*g.
3
Suppose -4*i + 16 = 3*v - 5*i, 0 = 3*v - 2*i - 20. Suppose -19 = v*t + 13. List the prime factors of -4*(-2 + 18/t).
17
Let c(o) be 